Let c(d) = 38*d - 5. Let f be c(1). Let s(l) = -f - 22*l + 19*l + 33. Give s(-2).
6
Let u(b) = -119*b + 3684. Let t be u(31). Let s(w) = -w**2 - 7*w - 13. Give s(t).
-3
Let y(v) = -v**2 + 14*v - 3. Let b(d) = -23*d - 103. Let r be b(-5). Give y(r).
21
Let j(g) = -2*g**2 + 970*g - 6698. Let z be j(7). Let s(n) = 0*n - 15 - 2*n + 1. Give s(z).
-2
Let g(m) = m**3 - 45*m**2 - 39*m - 326. Suppose -16*y + 13*y + 130 = 2*v, 3*y - 134 = -v. Give g(y).
-4
Let m(x) be the first derivative of 12*x**2 - 118*x - 3667. Determine m(5).
2
Let y = 25 + -23. Let s(v) = -10*v**3 - 25*v**2 + 13*v - 1. Let n(z) = 2*z**3 + 6*z**2 - 3*z. Let a(h) = y*s(h) + 9*n(h). What is a(2)?
-4
Let t(o) = -3*o**2 - 4*o**3 + o - 6*o**3 + 4*o**3 + 2 + 3*o**3 + 4*o**3. Suppose -5*m + 4*g = g + 102, 4*g - 17 = m. Let z = -18 - m. Determine t(z).
5
Let n(t) be the second derivative of 2*t**3/3 - 54*t**2 - t - 161. Calculate n(25).
-8
Let m(u) = -31*u + 739. Let a(y) = 10*y + 1134. Let s be a(-111). Determine m(s).
-5
Let n(u) = 1048*u - 1044*u + 0 + 4*u**2 + 3 - 13*u**3 + 12*u**3. Suppose 0 = 3*z - 21 + 6. What is n(z)?
-2
Let n be 60/72*(-48)/(-20). Let f(z) = 3*z**3 - 3*z**2 - z - 4. Give f(n).
6
Let k(v) be the third derivative of v**5/12 + v**4/6 - 88*v**2. Let j(q) = 14*q**2 + 10*q + 1. Let b(a) = 3*j(a) - 8*k(a). What is b(4)?
27
Let q(a) = a**3 + 3*a**2 - 5*a. Let j = 324 - 314. Let v(s) = -s**2 + 15*s - 54. Let l be v(j). What is q(l)?
4
Let h(c) = -2*c + 1. Let m(s) be the first derivative of s**2 - 27. Let l(g) = -3*h(g) - 4*m(g). Determine l(-3).
3
Let p(t) = -t**2 - 5*t - 5. Let g = 4819 - 4823. Calculate p(g).
-1
Let s(d) be the first derivative of -d**3 - d - 3046. Suppose -2*w + 2 + 0 = 0. What is s(w)?
-4
Let k = 4953 - 4951. Let s(d) = -d**3 - 4*d**2 + 9*d - 5. Give s(k).
-11
Let j(z) = -2*z**2 + 10*z + 9. Let q(d) = -42*d**2 - 11*d + 44*d**2 - 8 + 2*d. Let l(s) = 5*j(s) + 6*q(s). Determine l(-2).
13
Suppose -3087 = -14*l + 5*l. Let x(p) = -l*p + 686*p - 2 - 345*p. What is x(-4)?
6
Suppose 171 = 4*h - 3*a, 10*a = -2*h + 8*a + 96. Let p = h - 45. Let i(r) = -r**2 - r + 3. Calculate i(p).
3
Let d(c) = 7*c - 53. Let s = -28642 - -28666. Calculate d(s).
115
Let z(o) = 7*o + 11. Suppose 0 = 22*a - 27 - 61. Let p(y) = -9*y - 11. Let x(d) = a*z(d) + 3*p(d). What is x(-7)?
4
Let n(y) = 4*y**3 - 16*y**2 - y - 54. Let z(w) = 5*w**3 - 16*w**2 - 4*w - 54. Let c(a) = 6*n(a) - 5*z(a). Calculate c(-17).
-3
Suppose -87 + 12 = 3*p. Let x = 335 - p. Let g(n) = -x*n**2 + 2*n + 177*n**2 + 1 + 182*n**2. Calculate g(2).
1
Let a(m) = -m**2 + 5*m + 6. Suppose -6*p + 52 = -8. Suppose -68 = -p*b + 32. Suppose -2*x + 3*r = -17, -6*r + 25 = 3*x - b*r. What is a(x)?
-8
Let n = 46 - 46. Suppose n = -4*o + 2*o + 4. Let l(u) = 6*u + 0*u**2 - o*u**2 + 2 - 4*u - 3*u. Give l(2).
-8
Let k(g) = -g**3 + 41*g**2 - 404*g - 63. Let c be k(17). Let i(q) = 9*q - 51. Give i(c).
-6
Let x(l) = -l**3 - 26*l**2 + 3. Let t be x(-26). Let o(f) = -2*f + 0 + t*f - 9*f - 1. Give o(-3).
23
Let r(m) = -m - 33*m**2 + 25*m**2 - 4269 + 4268. Calculate r(-2).
-31
Let p(t) = t**3 - 156*t**2 + 1201*t - 2515. Let a be p(148). Let n(z) be the first derivative of -21*z**4/4 + z**3/3 - z**2/2 + z + 2. Calculate n(a).
-20
Let v(h) = 7 + 36*h + 18*h + 26*h - 5*h**2 - 84*h. Give v(3).
-50
Let r(a) = a**3 + 17*a**2 + 44*a + 13. Let f be r(-10). Let q = f - 280. Let n(w) = -w**3 - 8*w**2 - 6*w + 8. Calculate n(q).
1
Let c(s) = 2*s**2 + 0 + 2 + 1 - s**3 + s**2. Suppose -19*a + 3 + 35 = 0. Suppose 0 = a*r - 175 + 169. What is c(r)?
3
Let j(l) = -2*l**3 - 13*l**2 + 14*l - 23. Let i = 389 + -392. Let p(y) = y**3 - 1. Let h(g) = i*p(g) - j(g). Give h(12).
2
Let v(h) = -h**2 - 45*h - 346. Let k = -6378 - -6343. Calculate v(k).
4
Let j(g) = 2*g**2 - g + 2. Let a(t) = 7*t**2 + 3*t + 3. Let c be a(7). Let v = c + -369. Calculate j(v).
12
Let d(u) be the first derivative of 1/3*u**3 + 9*u - 7/2*u**2 - 107. Determine d(6).
3
Let f(n) = -n + 17. Let v(c) be the second derivative of 2*c**3 + 24*c**2 - c + 59. Let b be v(-4). Calculate f(b).
17
Let o(r) = -2*r**2 - 33*r - 29. Let w be 306/(-22) - (-3792)/(-3476). Give o(w).
16
Let s(p) = p**2 + 5*p - 7. Let w(v) be the third derivative of -v**6/120 + v**4/12 + 7*v**3/6 + 16*v**2. Let k be w(0). Suppose k*o + 10 = 5*o. Give s(o).
-7
Let g = -3 + 38. Let f(c) = -g - 5*c**2 + 72 - 4*c**3 - 39 + c - c**2 + 4*c**2. Determine f(2).
-40
Let p(s) = s**2 + 4*s - 1. Suppose -24*r = -2*h - 19*r + 270, h - r - 135 = 0. Let i = -140 + h. Determine p(i).
4
Let p(a) = -5*a - 2 + 17*a - 7*a + 0. Give p(0).
-2
Suppose 0 = 2*s - 5*w - 12, 3*w = -4*s + 77 - 1. Suppose 3*i = 4*t + 6, 0*i + 5*i = -2*t + 36. Let y(h) = -8*h + i*h + s + 4*h - 18. What is y(-4)?
-10
Let s(v) = 13*v**3 - 79*v**2 + 97*v + 190. Let z(w) = -17*w**3 + 106*w**2 - 129*w - 256. Let h(p) = -13*s(p) - 10*z(p). What is h(32)?
-6
Let b(w) = 7*w**2 - 11*w + 10. Let p(q) = 5 + 121*q**2 - 108*q**2 + 14 - 20*q. Let v(k) = -11*b(k) + 6*p(k). Determine v(0).
4
Suppose 2*o - 2*d = -0*o - 12, -3*d - 32 = 2*o. Let c be o/4*(-24)/60. Let q(g) = -c - 4*g**2 + 100*g - 101*g + g**2 + g**2. Determine q(-2).
-7
Let g = -616 - -658. Suppose 0 = 6*n - g*n + 324. Let m(f) = f**2 - 7*f - 13. Determine m(n).
5
Let b(r) be the second derivative of -r**4/4 + 2*r**3/3 - r**2 + r. Let i be (-1)/(-3)*(1073 - 1067). What is b(i)?
-6
Let q(d) be the third derivative of -5*d + 4*d**2 + 1/24*d**4 + 0*d**3 + 0*d**5 + 0 + 1/24*d**6. Suppose r - f - 1 = 2*r, 4*r - 4*f = -4. Give q(r).
-6
Let b(l) be the second derivative of 3*l**5/20 + l**4/12 - l**3 + 2*l**2 + 2*l - 333. Calculate b(2).
20
Let b(d) = -2*d - 1 - 6 + 7*d - d - d. Let l(v) = -v**3 - 6*v**2 - 5*v + 5. Let w be l(-5). Determine b(w).
8
Suppose -2*v + 305 = 3*v. Suppose v = -2*i + 57. Let m(c) = -c**3 + c**2 + c + 1. Determine m(i).
11
Let q(c) = -c**2 - 23*c + 25. Suppose -3272*j = -3261*j + 264. Determine q(j).
1
Let s(w) = -w**3 + 13*w**2 + 6*w + 108. Let a be s(14). Let k(v) = -v - 20. What is k(a)?
-16
Let w = -121 - -148. Suppose 2*h + w = 17. Let i(x) = 5*x + 7. Calculate i(h).
-18
Let d = -31 - -44. Suppose -3*i + 1 = d. Let t(b) be the third derivative of -b**5/60 + 5*b**3/6 - 2*b**2 - 17*b. Give t(i).
-11
Suppose -4 - 5 = -3*w. Let q = -129 - -134. Let x(l) = 51 + 48 - q*l - 98. Calculate x(w).
-14
Let d(y) = -37*y**2 - 13*y + 85*y**2 + 96 + 9*y + 6*y - 47*y**2. What is d(0)?
96
Let a = -12166 - -12171. Let o(s) = -s**3 + s**2 + 22*s - 1. Calculate o(a).
9
Let n(l) be the third derivative of -l**5/60 - l**4/24 - l**3/2 + 14*l**2. Let v = 479 - 483. Calculate n(v).
-15
Let a be (-2)/2 - (0 - 2). Let r(d) be the first derivative of 5*d**2/2 - d - 514. Calculate r(a).
4
Let q(m) = -711 - 707 + 3*m**2 + 1416 - 6*m - m**2 - 5*m. Give q(6).
4
Let q(m) be the second derivative of -m**5/20 + m**4/6 + m**3/3 + 5*m**2 - 145*m - 1. What is q(3)?
7
Let p(a) = -31 + 2*a - 4*a**2 - 4*a**2 - 8*a**2 + 30. Let k(b) = 7*b + 134. Let i be k(-19). What is p(i)?
-15
Let q(b) be the third derivative of -b**6/120 - 29*b**5/30 - 14*b**4/3 + 5*b**3/6 - 2313*b**2. Calculate q(-56).
5
Let n(a) = -a**3 + 2*a**2 + 3*a + 2. Suppose -3 = 2*t - 7. Let q be t/(2/42*6). Suppose 2*p + 12 = 3*i - q, 0 = -p - i + 3. What is n(p)?
12
Let z(k) be the second derivative of k**5/20 - 5*k**4/3 + 2*k**3/3 - 69*k**2/2 + 3330*k. Determine z(20).
11
Let l(u) be the third derivative of -13*u**4/24 + 17*u**3/3 - 56*u**2. Let a(m) = -7*m + 18. Let o(b) = 11*a(b) - 6*l(b). Calculate o(7).
1
Let k be -3*2*6/(-4). Let v(c) = 7*c**3 - 21*c**2 - 27*c - 14. Let o(g) = 4*g**3 - 11*g**2 - 14*g - 8. Let m(p) = -5*o(p) + 3*v(p). What is m(k)?
-20
Suppose 4*f - 36 = -20. Suppose -f*d = 4*p + 8, 3*d - 4*p = -23 - 18. Let s(w) = -w + 7. What is s(d)?
14
Let p(m) = 9*m**3 + 3*m**2 + 284*m - 2. Let z(d) = 2*d**3 + 2*d**2 + 58*d + 1. Let o(j) = -p(j) + 5*z(j). Suppose -2*v - 7 = 5. What is o(v)?
7
Let u(z) = -13*z + 16*z - z - 2 - z**2 - z - 1. Let b = -177 - -184. Determine u(b).
-45
Let s(y) = -66318814*y + 26 - 2*y**2 + 66318829*y + 3*y**2. Give s(-9).
-28
Let r(t) be the first derivative of -t**4/4 - 2*t**3 - t**2/2 - 7*t - 5. Let g be 5/20 + (-84)/16. Give r(g).
-27
Suppose -101 = -4*k - 5*h - 7, -5*h = -10. Suppose 5*a + k = 31. Let d(w) = w**3 - w**2 - 2*w + 3. Gi